 digit of 994815?
9
What is the tens digit of 470903?
0
What is the hundreds digit of 8825849?
8
What is the ten thousands digit of 1427084?
2
What is the ten thousands digit of 298395?
9
What is the ten thousands digit of 869763?
6
What is the tens digit of 589153?
5
What is the ten thousands digit of 13241773?
4
What is the tens digit of 348373?
7
What is the thousands digit of 237918?
7
What is the ten thousands digit of 39965?
3
What is the hundred thousands digit of 947549?
9
What is the thousands digit of 241592?
1
What is the hundred thousands digit of 1918275?
9
What is the ten thousands digit of 24583516?
8
What is the hundreds digit of 883959?
9
What is the tens digit of 4699540?
4
What is the units digit of 73392?
2
What is the hundreds digit of 725004?
0
What is the thousands digit of 90093?
0
What is the thousands digit of 20322878?
2
What is the units digit of 24783047?
7
What is the tens digit of 1118642?
4
What is the units digit of 71386?
6
What is the units digit of 3582751?
1
What is the tens digit of 489744?
4
What is the units digit of 4801898?
8
What is the units digit of 9935235?
5
What is the millions digit of 6943983?
6
What is the thousands digit of 6544970?
4
What is the units digit of 1307632?
2
What is the tens digit of 102740?
4
What is the ten thousands digit of 11648?
1
What is the thousands digit of 5469538?
9
What is the hundreds digit of 937380?
3
What is the tens digit of 1445572?
7
What is the ten thousands digit of 188767?
8
What is the tens digit of 4458950?
5
What is the ten thousands digit of 180842?
8
What is the ten thousands digit of 1997223?
9
What is the ten thousands digit of 1457566?
5
What is the units digit of 8918509?
9
What is the hundreds digit of 2251512?
5
What is the millions digit of 6586929?
6
What is the tens digit of 2901914?
1
What is the thousands digit of 178079?
8
What is the tens digit of 958781?
8
What is the millions digit of 8843736?
8
What is the tens digit of 693019?
1
What is the thousands digit of 193673?
3
What is the hundreds digit of 86546?
5
What is the hundred thousands digit of 476784?
4
What is the hundred thousands digit of 290492?
2
What is the units digit of 2481717?
7
What is the ten thousands digit of 1884471?
8
What is the tens digit of 4690187?
8
What is the ten thousands digit of 9161529?
6
What is the hundred thousands digit of 3070588?
0
What is the tens digit of 1080656?
5
What is the hundreds digit of 388893?
8
What is the thousands digit of 158892?
8
What is the thousands digit of 195796?
5
What is the millions digit of 2716281?
2
What is the units digit of 166641?
1
What is the units digit of 8531?
1
What is the hundred thousands digit of 311366?
3
What is the millions digit of 4018969?
4
What is the millions digit of 1776824?
1
What is the units digit of 344591?
1
What is the units digit of 386901?
1
What is the hundred thousands digit of 4805608?
8
What is the millions digit of 4227143?
4
What is the ten thousands digit of 215205?
1
What is the hundred thousands digit of 16771741?
7
What is the tens digit of 2383505?
0
What is the thousands digit of 235216?
5
What is the tens digit of 743206?
0
What is the thousands digit of 549656?
9
What is the ten thousands digit of 630125?
3
What is the millions digit of 11091017?
1
What is the hundreds digit of 1226581?
5
What is the hundreds digit of 209509?
5
What is the ten thousands digit of 377477?
7
What is the ten thousands digit of 999667?
9
What is the millions digit of 19993810?
9
What is the ten thousands digit of 2457342?
5
What is the tens digit of 713?
1
What is the thousands digit of 13412?
3
What is the hundred thousands digit of 5329080?
3
What is the ten thousands digit of 13809913?
0
What is the units digit of 4162009?
9
What is the hundreds digit of 1486184?
1
What is the units digit of 732582?
2
What is the tens digit of 1899336?
3
What is the tens digit of 7068197?
9
What is the units digit of 229490?
0
What is the tens digit of 18938666?
6
What is the hundreds digit of 37199412?
4
What is the millions digit of 2657438?
2
What is the units digit of 221678?
8
What is the units digit of 70884?
4
What is the ten thousands digit of 106637?
0
What is the hundreds digit of 5788512?
5
What is the hundreds digit of 1292658?
6
What is the thousands digit of 442299?
2
What is the tens digit of 543363?
6
What is the hundreds digit of 739172?
1
What is the thousands digit of 1597699?
7
What is the hundred thousands digit of 343368?
3
What is the hundreds digit of 198461?
4
What is the units digit of 3712260?
0
What is the hundreds digit of 528811?
8
What is the hundred thousands digit of 3011045?
0
What is the hundred thousands digit of 402106?
4
What is the ten thousands digit of 1590832?
9
What is the units digit of 376105?
5
What is the millions digit of 1770985?
1
What is the thousands digit of 71466?
1
What is the hundreds digit of 20236433?
4
What is the hundred thousands digit of 8358672?
3
What is the hundreds digit of 68186?
1
What is the ten thousands digit of 11252616?
5
What is the hundreds digit of 2465880?
8
What is the ten thousands digit of 2429930?
2
What is the hundred thousands digit of 4476157?
4
What is the hundred thousands digit of 1413839?
4
What is the millions digit of 5937457?
5
What is the units digit of 15519477?
7
What is the tens digit of 964201?
0
What is the units digit of 1529892?
2
What is the thousands digit of 24676774?
6
What is the hundreds digit of 164756?
7
What is the tens digit of 2342533?
3
What is the thousands digit of 1982106?
2
What is the ten thousands digit of 15567487?
6
What is the hundreds digit of 12453727?
7
What is the thousands digit of 4955953?
5
What is the units digit of 27986?
6
What is the millions digit of 1649584?
1
What is the hundreds digit of 550785?
7
What is the millions digit of 24007821?
4
What is the hundred thousands digit of 1530972?
5
What is the tens digit of 557229?
2
What is the ten thousands digit of 3182779?
8
What is the hundreds digit of 153828?
8
What is the hundreds digit of 52680?
6
What is the thousands digit of 1339629?
9
What is the units digit of 85814?
4
What is the millions digit of 19584070?
9
What is the ten thousands digit of 12813403?
1
What is the thousands digit of 20118940?
8
What is the ten millions digit of 16578889?
1
What is the hundred thousands digit of 7418964?
4
What is the millions digit of 2848467?
2
What is the tens digit of 744225?
2
What is the hundreds digit of 358?
3
What is the hundreds digit of 40021?
0
What is the hundreds digit of 617796?
7
What is the hundred thousands digit of 1213943?
2
What is the units digit of 4927070?
0
What is the ten thousands digit of 481666?
8
What is the hundreds digit of 371323?
3
What is the hundred thousands digit of 1755967?
7
What is the thousands digit of 23969426?
9
What is the hundred thousands digit of 315650?
3
What is the hundred thousands digit of 3978191?
9
What is the tens digit of 37247?
4
What is the tens digit of 821202?
0
What is the ten millions digit of 17739412?
1
What is the units digit of 8177113?
3
What is the tens digit of 287830?
3
What is the ten thousands digit of 180613?
8
What is the units digit of 14033945?
5
What is the hundred thousands digit of 27330870?
3
What is the hundred thousands digit of 191944?
1
What is the millions digit of 3674721?
3
What is the thousands digit of 37784018?
4
What is the hundred thousands digit of 7334006?
3
What is the hundreds digit of 5653665?
6
What is the thousands digit of 4058?
4
What is the hundreds digit of 13824180?
1
What is the ten thousands digit of 3553378?
5
What is the hundreds digit of 1805590?
5
What is the units digit of 11761763?
3
What is the hundreds digit of 7544178?
1
What is the thousands digit of 1249033?
9
What is the tens digit of 3176420?
2
What is the hundred thousands digit of 1058741?
0
What is the hundreds digit of 184169?
1
What is the millions digit of 4661776?
4
What is the millions digit of 2249466?
2
What is the tens digit of 453592?
9
What is the ten thousands digit of 175974?
7
What is the tens digit of 1223967?
6
What is the tens digit of 65526?
2
What is the thousands digit of 8054357?
4
What is the tens digit of 1517530?
3
What is the hundreds digit o